he prime factors of i.
2, 3
Let d be -1 + 3 + (-1)/1. Let c(f) = -f - 2. Let q be c(d). What are the prime factors of q/2*2*-4?
2, 3
Let p(j) = 12*j + 623. What are the prime factors of p(0)?
7, 89
Let w(u) = 8*u - 4. Let x be w(7). Let r = 83 - x. What are the prime factors of r?
31
Let u(g) = g**3 - 4*g**2 - 2*g + 7. Let a(i) = 3*i**3 - 12*i**2 - 7*i + 20. Let t(x) = -6*a(x) + 17*u(x). List the prime factors of t(3).
2
Let b = -461 - -824. What are the prime factors of b?
3, 11
Let b(c) = 4*c**2 + 10*c - 2. List the prime factors of b(-12).
2, 227
Let d(c) be the second derivative of c**4/12 - 4*c**3/3 - 5*c**2 + 3*c - 5. Suppose -4*y + 24 = -32. List the prime factors of d(y).
2, 37
Suppose 3*r = 2*d + 9, -9 = -2*d - 0*d - 3*r. Suppose -3*f + d*s = s - 46, -3*s + 2 = f. What are the prime factors of f?
17
Let j(b) = 15*b**2 - 3*b - 7. Let i(a) = -a**2 + a. Let u(n) = 6*i(n) + j(n). What are the prime factors of u(3)?
83
Suppose -4*n + 2529 = 4*i - 223, 2*n - 1377 = -i. Suppose -651 = -5*z - 5*c + n, 0 = 4*z - 4*c - 1040. List the prime factors of z.
2, 3, 11
Let i = -354 + 801. List the prime factors of i.
3, 149
Let i(y) be the third derivative of -43*y**4/24 + 5*y**3/2 - 32*y**2. List the prime factors of i(-6).
3, 7, 13
Let r = -195 + 190. Let k = 47 - 14. Let w = k - r. List the prime factors of w.
2, 19
Let f(u) = -16*u**3 - u**2 + 4*u - 42. What are the prime factors of f(-6)?
2, 3, 13, 43
Suppose -964 = -i - 2*l, -2*l + 688 = 2*i - 1240. What are the prime factors of i?
2, 241
Let b = 3292 + -304. List the prime factors of b.
2, 3, 83
Let y(m) = -m**2 - m + 31. Let l(x) = x**3 - 13*x**2 + 13*x - 7. Let n be l(12). Suppose b = n*b. What are the prime factors of y(b)?
31
Let b = -588 - -592. Suppose 5*p - 344 = 76. Suppose 8*k = b*m + 4*k - p, k - 5 = 0. What are the prime factors of m?
2, 13
Let n be ((-5)/3)/(5/30). Let s = n - -14. Let g(i) = 4*i. List the prime factors of g(s).
2
Suppose c = -5*y - 737, 4*y + 3*c = c - 586. Let q = y + 208. Suppose g + 4*g - q = 0. List the prime factors of g.
2, 3
Let c be 38/(-6) - (-4)/(-6). Let n be (3 - (-92)/(-28))*c. Suppose -n*q = -2*b + 48, 0*b - 2*b + 5*q + 63 = 0. What are the prime factors of b?
19
Suppose 0 = -2*m + 6 - 4. Let j be -1 - ((-258)/3)/m. Suppose 3*h - j = -2*z, -3*h + 185 = 5*z - z. List the prime factors of z.
2, 5
Let i = 729 - 479. What are the prime factors of i?
2, 5
Let l be (-33)/(-5) - (-21)/(-35). Suppose -632 = -l*c - 50. What are the prime factors of c?
97
Let o(a) = 2*a - 3. Let x be o(4). Suppose 3*c - 23 = -4*l, -4*l = 4*c + c - 25. Let d = c + x. What are the prime factors of d?
2, 3
Suppose -d = 267 - 73. Let c = 339 + d. What are the prime factors of c?
5, 29
Let x(k) = -15*k**3 + 2*k**2 + 6*k - 5. What are the prime factors of x(-3)?
2, 5
Suppose 0 = 355*y - 347*y - 22520. List the prime factors of y.
5, 563
Let p(h) = 3*h - 6*h**2 - 7 - h + 2*h**3 - h**3 + 0*h. Let t be p(5). Let i = t + 77. What are the prime factors of i?
5, 11
Let i be (1 - 11/2)*(-4)/6. Suppose i*s = -0*s + 174. List the prime factors of s.
2, 29
Suppose 5*b - 3989 = -4*y, -5*y - 4960 = -10*y - b. What are the prime factors of y?
991
Let d(x) = 2*x**3 + 3*x**2 - 3*x - 1. Let b = -68 + 70. List the prime factors of d(b).
3, 7
What are the prime factors of ((24/(-8))/(-3))/((-4)/(-11416))?
2, 1427
Suppose -3006 = -6*w - 0*w. What are the prime factors of w?
3, 167
Let v(t) = 8*t**2 + 2*t. Let s be v(-2). Suppose -5*q - s = -818. List the prime factors of q.
2, 79
Suppose 4*r = 3*h + 2*r - 26, 4*r = h - 22. Suppose -w = 2*w - h. Suppose -w*g + 0*g + 94 = 0. What are the prime factors of g?
47
Let v(w) = -2*w**2 + 7*w - 3. Let t be v(3). Let d be -3 + t - (-3 - 0). Suppose 4*h - 7 - 1 = d. List the prime factors of h.
2
Let y(w) = 21*w - 83. What are the prime factors of y(19)?
2, 79
Let y = -1095 + 2725. List the prime factors of y.
2, 5, 163
Let x(c) = -737*c + 5. Let j be x(-3). What are the prime factors of (-2)/8 - j/(-32)?
3, 23
Let v = 0 - -3. Let h(g) = -g**3 + 3*g**2 + 2*g - 3. Let m be h(v). Suppose m*a + 42 = 6*a. List the prime factors of a.
2, 7
Suppose -4*g = -121 - 167. Let w(b) = b**3 + 8*b**2 + 7*b + 4. Let x be w(-7). Suppose -x*u + g = -0*u. List the prime factors of u.
2, 3
Suppose -r - 4*q + 20 = 0, 2*r - r + q = 8. Suppose 0 = -t + 3, 0 = d - r*d + t + 801. List the prime factors of d.
2, 67
Let d(i) = -i + 1. Let z be d(0). Suppose 0 = p - 0*p + z. List the prime factors of (-20 - -2)/(p - 0).
2, 3
Let u be (-2 - 1) + (-7 - -5). List the prime factors of 102/18 + u + 799/3.
3, 89
Let t(b) = -94*b + 3. Let k be t(1). Let w = 184 + k. What are the prime factors of w?
3, 31
Let h(g) = g**3 + 18*g**2 + 5*g - 20. Suppose 109 - 24 = -5*p. What are the prime factors of h(p)?
2, 23
Let n(j) = 237*j**2 - 3*j + 1. What are the prime factors of n(-3)?
2143
Let h = 11 + -10. Let m be (h - -29)/(6 - 5). What are the prime factors of ((-2)/(-3))/(m/1755)?
3, 13
Let t(p) = p**2 + 5*p - 12. Let z be t(-7). Suppose m = -4*h + 286, 0*h = z*h + 4*m - 136. Suppose 5*y = -n + h, 5*y - n = y + 54. List the prime factors of y.
2, 7
Suppose -2*a - 4 = 5*n, 5*n + 5*a + 10 = 4*n. Suppose n = -o - 2*o - 45. Let h = 27 + o. List the prime factors of h.
2, 3
Let w(f) = 5 - 10*f + 0 - 1. Let q be w(11). Let i = -69 - q. What are the prime factors of i?
37
Suppose -25 = -4*c + 7. What are the prime factors of 6 + c + 3 + (-1 - -4)?
2, 5
Let m = -11 + 14. Let i(v) = v**2 + 4*v - 3. What are the prime factors of i(m)?
2, 3
Let a be -1*(-3 - 3) + -8 + 4. Let y(v) = -v**2 + 6*v + 3. Let q be y(5). Suppose 5*g = 3*s + s + 161, -a*s - q = 0. List the prime factors of g.
29
Let j = 66 - 6. Suppose 3*m + 2*m = j. What are the prime factors of m?
2, 3
Let q = -2837 - -5943. List the prime factors of q.
2, 1553
Let s(f) = -43*f + 45. Let l be s(-3). Suppose 39*g = 38*g + l. What are the prime factors of g?
2, 3, 29
What are the prime factors of (-53)/(-318) - 257/(-6)?
43
Let u = -12 - -9. List the prime factors of (21 - 79)/(1/u).
2, 3, 29
Let a(c) = 14*c**2 - 50*c - 23. List the prime factors of a(8).
11, 43
Suppose 0*o = o - 2*c - 3, -3*o = c - 37. List the prime factors of o.
11
Suppose 1983 - 621 = 2*f. What are the prime factors of f?
3, 227
Let j = -8372 - -13643. What are the prime factors of j?
3, 7, 251
Suppose w = 0, -5*w + 4109 + 4361 = 5*f. List the prime factors of f.
2, 7, 11
What are the prime factors of (-7)/42 + (-967)/(-6) - -2?
163
Suppose -320 = -6*x + 2*x. List the prime factors of (13/4 - 0)/(20/x).
13
Suppose -4*q + 4*w = 6 + 14, 4*w = -5*q + 20. Suppose 4*b + 5*l - 41 = 0, -5*b - l + 25 = -q*l. Suppose 3*t = b*u + 39, -u = -0*u. List the prime factors of t.
13
Let j = 1972 - 1167. List the prime factors of j.
5, 7, 23
Let b be 804/9 - (-4)/6. Suppose -3*u = -6*u + b. List the prime factors of u.
2, 3, 5
Suppose -4*x - 5 + 13 = 0. Let z be (-1)/(-6) - (-35)/6. Suppose x*l = z*l - 60. List the prime factors of l.
3, 5
Suppose -d + 23 = -36. Suppose -t = -2*t + d. List the prime factors of t - (-1 + (-8)/(-2)).
2, 7
Suppose -3*n = -10*n + 28. Suppose -n*o + 74 = 5*h, 4*h - o - 30 = 25. List the prime factors of h.
2, 7
Let y(a) = -a**2 - 5*a + 5. Let m be y(-5). Suppose m*n - 15 + 5 = 0. Suppose -n*t + 18 = -32. What are the prime factors of t?
5
Let x(u) = -u**2 + 10*u - 21. Let w be x(6). Let d = w - -10. List the prime factors of d.
13
What are the prime factors of 6/4*(-99416)/(-129)?
2, 17
Let w(f) be the third derivative of f**4/8 + 3*f**3/2 + 10*f**2. List the prime factors of w(10).
3, 13
What are the prime factors of 32*-166*(-1)/8?
2, 83
Suppose -3*v = v + 16. Let l = 26 + v. List the prime factors of 8/(-44) - (-906)/l.
41
Let v be (0 + 807 - 2)*-1. What are the prime factors of 17/(-102) + v/(-6)?
2, 67
Let c(h) = 50*h - 58. What are the prime factors of c(9)?
2, 7
Let g(j) = 16*j - 85. Suppose -o - 2*o + 69 = 0. What are the prime factors of g(o)?
283
Let r = 233 + -231. Let z(y) = -y**3 - 4*y**2 - 3*y + 3. Let f be z(-4). Suppose -r*j = -5*j + f. What are the prime factors of j?
5
Let u(j) = -6 + 3 + 2 + 86*j - 38*j. Let r be (-2 + -1)*2/(-6). List the prime factors of u(r).
47
Suppose 0 = 2*h - 18 + 6. Let l(j) = 2*j - 10. Let q be l(h). Suppose 451 - 77 = 5*a - b